 - 9*v - 10. Let n(l) = 3*i(l) - 2*p(l). Give n(c).
-4
Suppose 0 = -658*q + 648*q - 50. Let f(g) = 2*g**2 + 6*g + 1. Calculate f(q).
21
Let d(p) = 6 + 6*p + 5*p**2 - p**3 + 0*p**2 + 1. Let j be (60/9)/(6/18). Suppose 5*q - j = 10. Give d(q).
7
Suppose v = -v + 8. Suppose -5*r = 4*m - 26, -v*r - 2*m + 0*m = -16. Suppose 0 = -r*j - 2*j. Let w(y) = y**3 + y**2 - y + 3. Give w(j).
3
Let g(z) = 11*z - 13. Suppose -16*k = -12*k - 36. Let h(l) = 5*l - 6. Let f(m) = k*h(m) - 4*g(m). Give f(-8).
-10
Let o(s) = -s**3 + 7*s**2 + 3. Let l be o(7). Suppose 5*k - 1 = -3*n - 26, -4*k = 20. Let b(i) = 0*i**2 - i**2 + n*i**2 - 4*i + i**3. Determine b(l).
6
Let g(w) = w. Let m(p) = -2*p + 3. Let d(l) = 2*l - 4. Let a(h) = 6*d(h) + 4*m(h). Let i(o) = -a(o) + 5*g(o). Calculate i(-6).
6
Let p(i) be the third derivative of -i**4/8 - 29*i**3/3 - 90*i**2 + 1. What is p(-19)?
-1
Let i(k) = -716*k - 2 - 716*k + 1433*k. Calculate i(5).
3
Let o(i) = 2*i**3 - 656*i + 659*i + 4*i**2 - 1 + 0. Determine o(-3).
-28
Let o(d) be the third derivative of d**7/840 + d**6/360 - d**5/120 + 3*d**4/8 - 17*d**3/6 - 11*d**2. Let k(j) be the first derivative of o(j). Give k(0).
9
Let b(c) = -3 + 5*c**3 - 3*c**3 + 12*c - 25*c**2 + 2 - 4 + 1. Determine b(12).
-4
Suppose 7*d = 2*d + 50. Suppose -l = -d + 15. Let k(r) = r**2 + 5*r + 3. Determine k(l).
3
Let p be 57/12 + 5/20. Let a(s) = -p*s + 2*s - 7 + s**2 + 2*s - 2*s. Determine a(5).
3
Suppose 5*x - 5*c + 28 + 42 = 0, 2*x + 3*c = -23. Let b = -13 - x. Let k(i) = -i + 2*i + b*i. Calculate k(0).
0
Suppose 1189 = -8*x + 1149. Let c(q) = q**3 + 5*q**2 - 4*q - 4. What is c(x)?
16
Suppose 0 = 12*j - 10 - 2. Let p be 0 + j/(-5) - (-558)/90. Let l(v) = 3*v - 6. Give l(p).
12
Let q(o) be the second derivative of -o**4/12 + 2*o**3/3 + 3*o**2/2 - 2*o + 33. Give q(3).
6
Let q(b) = -b + 6. Let j(v) = 2*v - 14. Let o(s) = -6*j(s) - 15*q(s). Determine o(4).
6
Let q(t) be the first derivative of t**4/4 + 22*t**3/3 - 25*t**2/2 - 52*t - 191. Calculate q(-23).
-6
Let c(g) = 2*g**2 + 5*g + 2. Let i be 2/4 - ((-193)/(-2) + 2). Let f = i + 95. Calculate c(f).
5
Let n(r) = -7*r**2 + 3*r**3 - 8*r**2 + 11*r**2 + 3*r**2. Let j = 2 + -3. Determine n(j).
-4
Let g(l) = -l. Suppose 2*c - 76 = -2*c - 2*w, -c = -2*w - 14. Let d be 0 - -7 - c/9. Calculate g(d).
-5
Let j(o) = 282 - 4*o + 274 - 554. Give j(6).
-22
Suppose w - 12 = 3*a + 44, 24 = -a - 5*w. Let h = a - -23. Let z(p) = p**2 - 4*p + 5. Calculate z(h).
5
Let q(b) = -b**2 - 2*b + 3. Suppose -2*k + 4 = -2*a, -4*k + 17 - 5 = -2*a. Suppose -v - 2*c = 3*c - 2, 0 = -5*v + k*c + 10. Determine q(v).
-5
Let n(w) be the first derivative of -2*w**4 + w**2 - w + 1. Let i = -826 - -827. Determine n(i).
-7
Let r(f) = f**2 - 9*f - 10. Let h(x) = -x**3 - 14*x**2 + 13*x - 22. Let z be h(-15). Determine r(z).
-18
Suppose -5*t - 2*s = -1, -2*s - 10 = -5*t - 1. Let q(r) = -t + 9 - 8 + 2*r. Calculate q(-2).
-4
Let t(j) = j**2 - 2. Let m = 38 - 35. Let w be t(m). Let l(d) = -d**2 + 7*d. Calculate l(w).
0
Let n(v) = v. Let w(o) = -o. Let h(c) = -5*n(c) - 6*w(c). Let t be (-132)/(-8) - 3/2. Let j = 12 - t. Determine h(j).
-3
Suppose 0 = 3*l + 31 - 82. Let t = l + -4. Suppose t = -4*j - 11. Let r(z) = -z**2 - 5*z - 1. Calculate r(j).
-7
Let v(m) be the second derivative of -m**3/6 + 9*m**2/2 + m. Let t(x) = x**3 + 5*x**2 - 9*x - 20. Let j be t(-2). Calculate v(j).
-1
Let l(m) = -m**3 - 4*m**2 - 2*m + 2. Let p be (-10)/15*3/(-2). Suppose 4*v = 4*d + 28, -d = -v + 2*v - p. Suppose -6 - v = 5*w. Calculate l(w).
-2
Let z(b) = -2*b + 6. Let u(v) = 4*v - 22. Suppose -o = -1, -4*s + o + 19 - 4 = 0. Let x be u(s). Calculate z(x).
18
Let v = 152 - 153. Suppose 2*b - 23 = -3. Let p(m) = -1 - m - 2*m**2 - 2*m**2 - b*m**2. Determine p(v).
-14
Let g(r) = -r**3 - 2*r**2 + 7*r + 5. Suppose -2*z + z = -2*m + 25, 3*z + 50 = m. Let y = -19 - z. Determine g(y).
9
Let k(w) = -w**3 + 2*w**2 - 1. Let x(z) = -2*z - 9. Suppose -2*t = 2*i + 18, 5*t = -5*i + t - 41. Let m be x(i). Determine k(m).
0
Let j(r) = -3*r + 101. Let c(w) = 2*w - 85. Let t(g) = -6*c(g) - 5*j(g). Give t(-2).
-1
Suppose -n - 9 = -4*n. Suppose n*r + 4 = 7*r. Let b(y) = 5*y + r - 5 - 1 + 2. Determine b(2).
7
Let u(z) = -4*z + 5*z + 85 - 37 - 52. Suppose 5*g - 2 = -p + 2, 2*p - 8 = g. Suppose -2*o + 6 = -p*b, -5*o = 2*b + 2 + 19. Give u(b).
-7
Suppose 4*x = -2*b + 12, -x - 3*b = -0 + 7. Suppose -4*g = 4*t + 28, -2*g + g + x = -5*t. Let m(k) = k**3 - 3*k - 2. Calculate m(t).
-4
Let k(h) be the second derivative of -5*h**3/6 - h**2 - 9*h. Give k(4).
-22
Let q(o) = 4*o**2 - 10*o + 21. Let b(t) = -3*t**2 + 7*t - 14. Let y(i) = -7*b(i) - 5*q(i). Give y(0).
-7
Let x(k) = 7 - 4*k + 8 - 14. Let v(a) = 4*a**2 - 22*a - 4. Let f(q) = -q**2 + 7*q + 1. Let b(d) = 7*f(d) + 2*v(d). Let j(n) = 6*b(n) + 7*x(n). Give j(-1).
5
Suppose -20 = -n - 3*n. Let a(y) = -1 + y**3 - n*y**2 + 3*y - 2 - y. Let p = -822 - -827. Determine a(p).
7
Let v(p) = p**2 - 5*p + 8. Suppose -2*u - 108 + 120 = 0. Determine v(u).
14
Let f(c) be the first derivative of -c**2 + 11*c - 612. Calculate f(6).
-1
Let c(n) be the second derivative of n**3/3 - 3*n**2 - 4*n. Let y = -36 - -40. Suppose 4*b + 16 = y*t, -4*t - b + 17 - 1 = 0. Give c(t).
2
Let q(g) = g**2 - 5*g. Suppose 0 = -5*z - 2*u - 1, -5*u + 10 = -0*u. Let m(b) = -3*b - b + 1 - b. Let l be m(z). What is q(l)?
6
Let b(z) = -4*z**2 - 2*z**2 - 2*z - 1 - z**3 + 3*z**2. Suppose 3 = 6*w - 3. Let f be (2/4)/(w/(-4)). Determine b(f).
-1
Let c(u) = -u**2 - 13*u + 1. Let y be c(-10). Let x(t) = 7*t**2 - y*t**3 - 33*t**3 + 63*t**3 - 10 + 9*t. Calculate x(8).
-2
Let p(q) = q - 9. Let g(o) = -4*o + 24. Let f(x) = 2*g(x) + 7*p(x). Calculate f(-13).
-2
Let x be (-42)/(-42) - (-17 + 0). Let c(f) = -3*f + 47. Give c(x).
-7
Let j(d) = -d**2 + 10*d + 15. Let k be j(11). Let f(h) = 4*h**2 - 1 + 0 + h**3 + 5*h**2 - k*h**2 - 6*h. Determine f(-6).
-1
Let m(u) be the second derivative of -u**4/6 + 8*u**3/3 + 19*u**2/2 + u - 102. Determine m(9).
1
Let q be (8/(-6))/((-3)/(-27)). Let a = q + 24. Let t(c) = -26*c + 15*c + a*c + 2. Calculate t(0).
2
Suppose 0*a - 3*a - 4*n = 0, 3*a = 5*n. Suppose 0 = -5*u + 3*p - 18, -2*p + a + 5 = -u. Let r(h) be the third derivative of h**5/60 - h**3/3 - h**2. Give r(u).
7
Let s(w) = -w**3 + 17*w**2 + 39*w - 21. Let m(a) = a**2 - 17*a + 85. Let o be m(11). Determine s(o).
-2
Let z = -534 + 527. Let b(k) = -k**3 - 6*k**2 + 7*k - 5. Give b(z).
-5
Let g(b) = -b**3 + 2*b**2 + 2*b. Let f(y) = -5*y + 8. Let m(j) = 2 - 5*j - 4*j + 3*j + 5. Let p(c) = 7*f(c) - 6*m(c). Let o be p(-11). Calculate g(o).
-3
Let f = 3 - 7. Let y(v) = -v + 7 + 4*v - v + 0*v. Let q(w) = w + 4. Let n(j) = 5*q(j) - 2*y(j). Determine n(f).
2
Let b(x) = x + 4. Suppose r - 21 = 3*d + d, 4*r - 42 = 2*d. Let u = 2 + -2. Suppose -3*v + 3*h = -r, u = 5*v + h + h + 6. Calculate b(v).
4
Let k(z) = 2*z**2 - 10*z - 3. Let u(b) = b**2 + 9*b - 13. Let y be u(-10). Let w(l) = l**2 - 5*l - 2. Let a(o) = y*k(o) + 5*w(o). Determine a(5).
-1
Let g(o) be the third derivative of 0 + 0*o - 1/6*o**3 + 9*o**2 - 1/24*o**4. Let v be (-2 - -5)*(-3)/(-9). Calculate g(v).
-2
Let q(t) = -t**3 + 5*t**2 + 2. Suppose 3*r - 20 = -r. Calculate q(r).
2
Let v(h) = 5*h + 3. Let r(s) = -1. Let q(f) = -5*r(f) + v(f). Let x(w) = w. Let c(y) = -q(y) + 6*x(y). Determine c(10).
2
Let l(v) be the second derivative of v**4/12 + v**3 - 4*v**2 - 3*v. Suppose -2 = -2*o - 4*y, -16*o + 17*o + 15 = 2*y. Give l(o).
-1
Let f(w) be the first derivative of w**2/2 - w + 85. What is f(-6)?
-7
Let q(n) = -2*n**3 + n - 1. Let r(k) = -5*k**3 - 10*k**2 - 7*k - 11. Let g(z) = 2*q(z) - r(z). Determine g(-9).
9
Suppose 3*y - 3*d = 489, 0 = -y - 3*y - 2*d + 628. Suppose -y*a = -163*a + 40. Let q(u) = u**2 - 9*u - 7. What is q(a)?
3
Let m be (42/(-35))/(9/(-570)). Let r(j) = -51 - 37 + m - j. Determine r(-10).
-2
Let r(h) = -3*h**2 - 2*h - 1. Let d(u) = -3*u + 15. Let i = -17 + 23. Let j be d(i). Let z be -3 + j/(-12)*4. What is r(z)?
-9
Suppose 16 = 4*j - 4*q, -4*j - 12 = 7*q - 4*q. Let v(f) = f**3 - f**2 - f + 7. Give v(j).
7
Let d(m) = m**2 - 3*m + 2. Suppose -13*w + 50 = -8*w. Suppose 0 = -2*v - w, -4*n + 0*v - 4*v - 12 = 0. Give d(n).
0
Let t be 0 + 0/4 - 4. Let q be (-714)/54 + t/(-18). Let z = q + 15. Let x(p) = -p + 1. Determine x(z).
-1
Let s(c) = -14*c 